Is 1924318447 a composite number?
True
Is 477709079 prime?
False
Is 61742633 composite?
False
Is 160928702629 a prime number?
False
Is 4133747734 a composite number?
True
Is 5371281653 a prime number?
False
Is 16939352077 prime?
True
Is 7730368391 a prime number?
False
Is 4119534539 a composite number?
False
Is 2204077333 a prime number?
True
Is 8119111921 composite?
True
Is 740752117 prime?
False
Is 53890498709 a prime number?
True
Is 151653127 composite?
False
Is 4590652213 composite?
True
Is 9539230297 a composite number?
False
Is 130404947 a prime number?
True
Is 19236016901 a composite number?
True
Is 73958581357 a prime number?
False
Is 158030007 prime?
False
Is 13263609323 composite?
True
Is 1007934358 a prime number?
False
Is 220216069 composite?
True
Is 1044998179 a prime number?
True
Is 14806649299 composite?
True
Is 925002371 a prime number?
False
Is 734673397 composite?
False
Is 34150115731 a composite number?
False
Is 28315219951 a composite number?
True
Is 1120649171 composite?
True
Is 8964968549 prime?
True
Is 27260689049 prime?
False
Is 451454989 a composite number?
False
Is 4383398423 a prime number?
True
Is 54147460343 a composite number?
True
Is 180946361 a prime number?
True
Is 586123567 a composite number?
True
Is 127908186667 composite?
True
Is 21309263357 a composite number?
False
Is 464767099 a prime number?
False
Is 17182009409 a prime number?
True
Is 3674134445 prime?
False
Is 6409804969 prime?
True
Is 516471947 composite?
False
Is 12736498183 a prime number?
True
Is 3320947559 a composite number?
False
Is 27947199407 a composite number?
False
Is 1693440447 composite?
True
Is 488063189 prime?
False
Is 179842313669 a composite number?
False
Is 1161310459 a prime number?
True
Is 2663440561 a composite number?
True
Is 31870897621 a composite number?
False
Is 85861565 prime?
False
Is 802143737 a prime number?
False
Is 29099813 composite?
False
Is 21604466399 a composite number?
True
Is 277076747 a prime number?
True
Is 3834323 a prime number?
False
Is 2111644643 a prime number?
False
Is 1153059613 a composite number?
True
Is 889838563 prime?
True
Is 437433433 a composite number?
True
Is 4264465039 a prime number?
True
Is 1822903603 composite?
False
Is 66338968919 prime?
False
Is 769784527 prime?
True
Is 9594481823 composite?
True
Is 518082283 prime?
False
Is 32105369509 a prime number?
True
Is 6017486653 prime?
False
Is 1261714469 a composite number?
True
Is 47808533 composite?
False
Is 17786023561 a composite number?
True
Is 34270148217 prime?
False
Is 3832129549 a prime number?
False
Is 2230047409 composite?
True
Is 4900364669 prime?
False
Is 24746845891 composite?
False
Is 76578820867 composite?
False
Is 259472300071 composite?
False
Is 272665899559 prime?
False
Is 340709749 prime?
True
Is 801101533 a prime number?
True
Is 9994705661 a composite number?
False
Is 14384877769 a prime number?
True
Is 1936543849 a composite number?
False
Is 76510699 a prime number?
False
Is 674349563 a prime number?
True
Is 3649772171 a prime number?
True
Is 5824248667 prime?
False
Is 114805650767 a prime number?
False
Is 7597920791 a prime number?
True
Is 2176856529 a prime number?
False
Is 1434890411 a composite number?
False
Is 1053062513 a prime number?
False
Is 2092573051 a prime number?
False
Is 463863667 composite?
True
Is 270548447 a composite number?
True
Is 323639143 composite?
False
Is 6620253433 a prime number?
True
Is 2198869847 composite?
True
Is 1977505639 a composite number?
False
Is 20660587523 a prime number?
False
Is 93014726881 prime?
True
Is 10235093959 a prime number?
True
Is 64384945043 prime?
False
Is 64172789 composite?
True
Is 687886877 a prime number?
False
Is 457284559 a composite number?
False
Is 2607017453 composite?
False
Is 409309583 a composite number?
True
Is 9350322001 a prime number?
False
Is 20650202381 composite?
False
Is 1583821961 prime?
False
Is 21194526329 a prime number?
True
Is 1566732983 prime?
False
Is 11501427079 a composite number?
False
Is 2887272403 composite?
False
Is 4624982247 a prime number?
False
Is 6583122037 a prime number?
False
Is 10979389511 prime?
False
Is 68113220909 prime?
True
Is 17637169559 prime?
True
Is 6755849761 a prime number?
True
Is 67580625733 prime?
False
Is 1608588019 a prime number?
False
Is 19581587803 prime?
True
Is 726463609 composite?
True
Is 22499109599 composite?
True
Is 8865987311 composite?
False
Is 1591853195 a composite number?
True
Is 216167166011 prime?
False
Is 6378762673 a prime number?
True
Is 23115661 a prime number?
True
Is 5597002811 composite?
False
Is 1982878109 prime?
True
Is 833491667 a composite number?
True
Is 241938871451 prime?
False
Is 6454371809 composite?
False
Is 343265873 composite?
False
Is 5815789991 prime?
False
Is 128848549 a composite number?
False
Is 23439333349 composite?
True
Is 205029777 a prime number?
False
Is 382306871 a composite number?
False
Is 1409718238 a prime number?
False
Is 43408067 a prime number?
False
Is 4218857083 composite?
True
Is 192315791069 prime?
True
Is 284512366987 a composite number?
False
Is 599515649 a prime number?
True
Is 1513239601 composite?
False
Is 8247081151 a prime number?
True
Is 4458849739 composite?
True
Is 39157013123 composite?
False
Is 48527243 a composite number?
False
Is 2021520877 a prime number?
True
Is 13767312289 prime?
True
Is 721489999 composite?
False
Is 6396752023 a prime number?
True
Is 1229421311 a composite number?
True
Is 5626559767 a composite number?
False
Is 64615535 a prime number?
False
Is 392326361 a composite number?
True
Is 1017093907 a composite number?
True
Is 19750835941 prime?
True
Is 150970649 a composite number?
True
Is 450660817 a composite number?
False
Is 15829049051 a prime number?
True
Is 1230204109 composite?
False
Is 17077023373 a prime number?
False
Is 947200963 prime?
True
Is 3456637027 prime?
True
Is 272664319 composite?
True
Is 7170833521 prime?
False
Is 9533422867 composite?
True
Is 25272479689 a prime number?
True
Is 3424869907 composite?
False
Is 6991623619 prime?
True
Is 896566003 a prime number?
True
Is 705878801 a prime number?
True
Is 367008419 a prime number?
False
Is 11499259823 composite?
True
Is 887001277 a composite number?
False
Is 10173234531 composite?
True
Is 4890300047 a prime number?
False
Is 21406325341 a composite number?
True
Is 328574593 prime?
False
Is 30599403829 a prime number?
True
Is 16565840761 a prime number?
True
Is 176199641 a composite number?
False
Is 11833819 composite?
True
Is 16279665503 composite?
True
Is 2412669521 a prime number?
True
Is 67479197 composite?
False
Is 13418984699 prime?
True
Is 5727453817 composite?
False
Is 2424206929 composite?
True
Is 143813901929 a prime number?
True
Is 7036572787 a prime number?
True
Is 93340663 a composite number?
True
Is 354751565321 a composite number?
True
Is 32743564339 composite?
False
Is 393332671 a prime number?
False
Is 5036019917 a composite number?
False
Is 119800123 a composite number?
True
Is 19583134379 a prime number?
False
Is 2025285511 prime?
False
Is 3835922593 a composite number?
True
Is 9909985807 prime?
True
Is 5334220367 a composite number?
True
Is 23327257 composite?
False
Is 715020737 prime?
False
Is 24808236551 composite?
True
Is 5605378007 prime?
True
Is 2678208623 a prime number?
True
Is 4002142733 prime?
False
Is 132923267 a prime number?
False
Is 72336353237 prime?
False
Is 1559500907 a composite number?
False
Is 364034443 prime?
False
Is 17486050361 composite?
True
Is 523442693 a composite number?
True
Is 2273993147 a composite number?
False
Is 217193932423 a composite number?
True
Is 62485070083 a composite number?
True
Is 877843363 a prime number?
False
Is 7915988447 composite?
False
Is 348497707 prime?
True
Is 738960009 prime?
False
Is 6204183901 a prime number?
False
Is 95706543107 prime?
False
Is 21220983379 a prime number?
True
Is 49868894311 composite?
False
Is 78429442537 a composite number?
True
Is 3066791711 prime?
True
Is 1269103711 composite?
False
Is 224053729 composite?
True
Is 2974331291 prime?
True
Is 4052488027 composite?
True
Is 187672523 a prime number?
False
Is 17664341579 composite?
False
Is 252282181 a composite number?
True
Is 4995003197 composite?
False
Is 14112934207 a composite number?
False
Is 4346693353 a prime